at is the greatest common factor of l and 531?
59
Let s be (-1 - 10)*(-5 - -4). Suppose 1 = -3*i - 8. Let k be -1 + -2*3/i. Calculate the greatest common factor of s and k.
1
Let o = -186 + 363. Suppose -4*d - b = -d - o, -3*b - 107 = -2*d. Calculate the highest common factor of 29 and d.
29
Suppose -5*a + 2*y = -40, 0*y = 3*y. Let i = -3 - -4. Let b be -1 + ((-219)/i)/(-3). What is the highest common divisor of b and a?
8
Let h be (-1*3)/(7/(42/(-9))). Suppose h*g = -1 + 201. What is the greatest common factor of 10 and g?
10
Let l = -75 - -195. Suppose -n - 5*i + l = 0, 2*n - 2*i = -0*i + 264. Calculate the greatest common factor of 52 and n.
26
Let o(m) = m**2 + m + 26. Let q be o(0). Let j be ((-3249)/19)/((-3)/2). Suppose 111*p + 390 = j*p. What is the highest common factor of q and p?
26
Suppose 2*r - 104 - 104 = 0. Calculate the greatest common factor of 65 and r.
13
Suppose -108 = 5*z - 273. Let y be (-748)/z*(-3)/2. Suppose -2*v + y = -v. Calculate the greatest common divisor of v and 17.
17
Suppose 14 = 4*k - 5*k. Let o = -12 - k. Suppose -o = 4*v - 10. What is the highest common factor of 16 and v?
2
Let k be (-36 - -1)*(-40)/25. Let g = k - 168. Let r = g + 187. What is the highest common factor of 30 and r?
15
Suppose -648 = -8*i - 0. Calculate the highest common factor of 216 and i.
27
Let l be ((-198)/(-110))/(1/5). Let p be (-2 - 2)/(-2) + 7. Calculate the highest common factor of l and p.
9
Let m be 2 + -1 + (5 - 7). Let f(x) = x + 2. Let s be f(m). Let a(v) = 4*v**3 - v. Let c be a(1). Calculate the highest common factor of c and s.
1
Let r(b) = -b + 27. Let a be r(3). What is the highest common divisor of 168 and a?
24
Suppose 0 = -4*r + 114 - 18. Suppose 0*t = 5*t - 45. Let j be 1 + -1 + -1 + t. What is the highest common divisor of j and r?
8
Suppose -4*v = -29*v + 47700. What is the highest common divisor of v and 12?
12
Suppose 0 = -15*a + 11*a + 260. What is the greatest common factor of a and 10?
5
Let m = 125 + -59. Let t = -11680 + 11845. What is the greatest common factor of m and t?
33
Let i be -9 + 14 - 5/((-10)/18). Suppose -3*h - 15 = -8*h. Suppose -5*b - 4*a = -556, 5*a = -h - 2. What is the highest common divisor of b and i?
14
Let a be (-10)/(5/(855/(-2))). Suppose 4*v = a + 357. Suppose -q - 3*c = -66, 2*c - c + v = 4*q. What is the highest common divisor of 30 and q?
15
Let r be -4*(-1 + 1/4). Calculate the highest common divisor of 72 and r.
3
Let v = 51 + -29. Calculate the greatest common divisor of 242 and v.
22
Let s(a) = a**3 - a**2 + 7*a - 6. Let r be s(4). Suppose -3*x + 38 = 8. Calculate the highest common factor of x and r.
10
Suppose 0 = b - 3*f - 12, 9*f - 4*f = -5*b. Suppose 3*u - 5*h - 57 = 0, -b*h + 21 = u - 4*h. What is the highest common factor of 16 and u?
8
Let l be ((-2)/6)/(0 + 5/(-15)). Let c(x) = 10*x. Let a be c(l). Suppose 5*m - 62 = -3*n, 5*m - n - 30 = 4*n. What is the highest common factor of m and a?
10
Let k = 14 + -14. Suppose -5*x = -w - 389, k = 3*x + 2*w - w - 235. Calculate the highest common factor of 26 and x.
26
Let u be (8/(-3))/((-72)/54). Calculate the greatest common divisor of u and 11.
1
Let r(h) = -h**3 + 3*h**2 - 6*h + 3. Let y be r(5). Let v = -53 - y. Let q be 96/15 - 4/10. Calculate the greatest common divisor of v and q.
6
Suppose 8 = 2*p - 6. Suppose -p*k + 24*k = 272. Calculate the greatest common divisor of k and 64.
16
Let n(g) = 8*g + 72. Let z be n(15). Calculate the greatest common divisor of 8 and z.
8
Let k(q) = 11*q - 51. Let j be k(49). Calculate the highest common factor of j and 8.
8
Let j(r) = -36*r**3 - 2*r**2 + r + 1. Let p be j(-1). Suppose 50 + p = 7*u. What is the highest common divisor of 3 and u?
3
Suppose -4*g - 2 = -5*g. Suppose t - 5*f - 28 - 23 = 0, 2*f = g*t - 94. Calculate the greatest common factor of t and 69.
23
Suppose 0 = -5*j + 7 + 38. Let t = j + 24. Let a(r) = r**2 + 3*r + 5. Let d be a(4). What is the greatest common factor of t and d?
33
Let f(d) = 5*d**2 - 19. Let i be f(-6). Let q be (-4 + 6)/((-2)/(-23)). What is the greatest common divisor of q and i?
23
Suppose -2*g - 5 = -4*w - 5*g, 1 = -g. Let s = 1501 + -1495. Calculate the greatest common divisor of w and s.
2
Let g = 414 + -390. Let n = 3 + -2. Let d be 2 - (-1 - -1 - n). What is the highest common divisor of d and g?
3
Let a be (-32)/144 + (-1012)/(-18). Let k be ((-10)/7)/((-4)/a). Calculate the highest common divisor of 180 and k.
20
Let l be 324/(-30)*45/(-18). Calculate the highest common factor of l and 288.
9
Let c = -16 - -4. Let j be (0/(-1) - c) + -3. What is the greatest common factor of j and 45?
9
Let k = 294 + -184. What is the greatest common divisor of k and 10?
10
Suppose 7721 = 72*a - 4375. Suppose 2*o + 230 = -4*b, 4*b - 72 + 303 = -o. Let c = -37 - b. What is the greatest common factor of c and a?
21
Suppose 3 - 68 = 5*w. Let a = -6 - w. Let p = -294 - -301. Calculate the highest common divisor of a and p.
7
Let y = -559 + 635. Calculate the highest common factor of 171 and y.
19
Let a be 6 - 4 - 2358/(-9). Calculate the highest common factor of 110 and a.
22
Suppose -3*w + 0*w + 15 = 0. Let c = 3992 + -3972. What is the highest common divisor of c and w?
5
Let q(d) = 4*d**2 + 14*d + 5. Let z be q(-12). Suppose -35 + z = 14*v. Suppose 3*h - 3 - 6 = 0. Calculate the greatest common divisor of v and h.
3
Suppose 3*r + 4*p - 259 = 0, -2*r + 158 = -8*p + 7*p. Calculate the greatest common divisor of 90 and r.
9
Let v be (3 - 12/(-3 + 0)) + -2. Suppose -v*z + 33 = -2. What is the highest common divisor of z and 49?
7
Suppose 5*i + 2*k = 4*k + 68, 16 = -4*k. Let y(n) = n**3 - 24*n**2 + 13*n + 242. Let r be y(23). Calculate the highest common divisor of i and r.
12
Suppose 0 = -3*x - 116 - 208. Let v be 1/2 - (-323)/2. Let c = x + v. Calculate the greatest common factor of c and 18.
18
Suppose f - 5*j - 30 = -2, 4*f + 5*j = 37. Suppose 6*s = 4*s - 1396. Let z be s/(-6) - (-4)/6. What is the greatest common divisor of f and z?
13
Let r be 52/10 - 12/(-15). Suppose 3*a + r = 0, -4*z + 18 = -0*z + 3*a. Let n(t) = -3*t. Let f be n(-2). Calculate the highest common factor of f and z.
6
Let i(m) = 3*m**2 - 29*m + 48. Let q be i(10). What is the greatest common divisor of 2 and q?
2
Let p(h) = 11*h**2 + 27*h + 98. Let u be p(-5). Calculate the greatest common divisor of u and 7.
7
Suppose -9*f = -12*f + 27. What is the greatest common divisor of f and 189?
9
Let d = 1453 - 1076. What is the greatest common factor of d and 116?
29
Suppose -5*m - b = -681, -422 = -2*m - 5*b - 145. What is the greatest common factor of m and 204?
68
Let c(b) = -2*b**3 - 38*b**2 + 38*b - 22. Let f be c(-20). Calculate the greatest common divisor of 162 and f.
18
Suppose -4*z + 80 = -5*d, 4*d + 21 + 39 = 3*z. Let y = z + 28. Suppose 3*f = -18 + y. Calculate the highest common divisor of f and 110.
10
Let q(i) = 93*i**3 - i**2 + i - 1. Let p be q(1). Let y = p - -20. Calculate the highest common divisor of 16 and y.
16
Let p(q) be the first derivative of -1/3*q**3 - 6 - 4*q + 3*q**2 + 5/4*q**4. Let n be p(2). What is the highest common factor of n and 4?
4
Let g = 44 + 12. What is the highest common divisor of 70 and g?
14
Suppose t = -t + 6. Let p be -2*(2/t)/((-2)/18). Calculate the greatest common factor of p and 24.
12
Let r(w) = w**3 + 2*w**2 + w. Let v be r(-2). Let z be 660/28 - v/((-14)/(-3)). Let t = 0 - -3. Calculate the greatest common divisor of t and z.
3
Suppose -s - 4*s = -4*y - 1432, 2*s + 2*y = 580. Let n = 1333 - 1301. Calculate the greatest common factor of s and n.
32
Let c be (1 - (4 - 0))*-9. Suppose -5*m - 37 = -4*o + c, 3*o + 4*m = 48. What is the highest common divisor of 16 and o?
16
Suppose 0 = 4*y - 5*q + 15, -2*y - 3*y - 55 = q. Let z be (-4)/2*(-14 - y). What is the greatest common factor of 20 and z?
4
Let q be 2/8 - 95/(-4). Let h(x) = -2*x**3 - 17*x**2 + 2*x + 7. Let b be h(-9). Let k = 86 - b. Calculate the highest common divisor of q and k.
8
Let o be 13*(-117)/(2 + -15). Calculate the highest common factor of 1521 and o.
117
Suppose 251 = 2*g + 35. What is the highest common factor of g and 180?
36
Suppose 1132 = -0*h + 4*h. Let q = -178 + h. Calculate the greatest common divisor of 70 and q.
35
Suppose -357 = -5*f - k, 3*f + k - 27 = 186